mainder when 973197 is divided by 21?
15
What is the remainder when 11638312 is divided by 367?
8
Calculate the remainder when 2491394 is divided by 892.
38
What is the remainder when 78207 is divided by 15641?
2
Calculate the remainder when 12105640 is divided by 616.
8
What is the remainder when 1248655 is divided by 624280?
95
Calculate the remainder when 354625 is divided by 354363.
262
What is the remainder when 5216436 is divided by 1613?
1607
What is the remainder when 5797359 is divided by 904?
7
Calculate the remainder when 118881 is divided by 7429.
17
Calculate the remainder when 94797 is divided by 8666.
8137
What is the remainder when 50207 is divided by 49615?
592
Calculate the remainder when 1256272 is divided by 627791.
690
Calculate the remainder when 225803 is divided by 14112.
11
What is the remainder when 4224625 is divided by 1103?
135
What is the remainder when 2460612 is divided by 2382?
6
What is the remainder when 15051053 is divided by 11?
6
Calculate the remainder when 509290 is divided by 797.
7
Calculate the remainder when 7074711 is divided by 6.
3
What is the remainder when 5600760 is divided by 700091?
32
What is the remainder when 22453273 is divided by 22453249?
24
What is the remainder when 860686 is divided by 2502?
2500
Calculate the remainder when 27807 is divided by 4935.
3132
Calculate the remainder when 617092 is divided by 56086.
146
What is the remainder when 456024 is divided by 329?
30
What is the remainder when 13637712 is divided by 2092?
2056
What is the remainder when 2703861 is divided by 226?
223
Calculate the remainder when 28487273 is divided by 441.
437
What is the remainder when 104212 is divided by 4234?
2596
What is the remainder when 91339 is divided by 91071?
268
Calculate the remainder when 10185899 is divided by 1894.
1861
What is the remainder when 3546012 is divided by 954?
948
Calculate the remainder when 5148872 is divided by 6.
2
What is the remainder when 9977186 is divided by 1425310?
16
Calculate the remainder when 1610704 is divided by 300.
4
Calculate the remainder when 337824 is divided by 352.
256
What is the remainder when 15277978 is divided by 1259?
13
What is the remainder when 969154 is divided by 658?
578
Calculate the remainder when 13700066 is divided by 3192.
2
Calculate the remainder when 56860 is divided by 3544.
156
Calculate the remainder when 6330183 is divided by 2110059.
6
What is the remainder when 242719 is divided by 1312?
1311
What is the remainder when 1103441 is divided by 279?
275
What is the remainder when 300030 is divided by 4234?
3650
Calculate the remainder when 496867 is divided by 2400.
67
What is the remainder when 95673 is divided by 1675?
198
Calculate the remainder when 36773877 is divided by 2101.
74
Calculate the remainder when 14234044 is divided by 4744667.
43
What is the remainder when 263977841 is divided by 18?
11
Calculate the remainder when 387023807 is divided by 3547.
3543
What is the remainder when 105943186 is divided by 6231952?
2
Calculate the remainder when 135567 is divided by 4449.
2097
Calculate the remainder when 1696715 is divided by 565292.
839
What is the remainder when 28168896 is divided by 1802?
32
What is the remainder when 14020892 is divided by 16?
12
Calculate the remainder when 19204097 is divided by 150032.
1
Calculate the remainder when 20269071 is divided by 203.
130
What is the remainder when 42785060 is divided by 1124?
0
What is the remainder when 24374898 is divided by 21999?
6
What is the remainder when 564769 is divided by 2268?
37
What is the remainder when 36841858 is divided by 1012?
1010
What is the remainder when 573183 is divided by 1545?
1533
Calculate the remainder when 2329900 is divided by 2207.
1515
Calculate the remainder when 16627 is divided by 504.
499
What is the remainder when 177241 is divided by 59075?
16
Calculate the remainder when 1873241 is divided by 50.
41
What is the remainder when 1188494 is divided by 23?
15
What is the remainder when 84220 is divided by 3826?
48
What is the remainder when 325010 is divided by 16857?
4727
Calculate the remainder when 1831624 is divided by 1229.
414
Calculate the remainder when 845311 is divided by 280393.
4132
What is the remainder when 1403764 is divided by 454?
450
Calculate the remainder when 190027 is divided by 62668.
2023
Calculate the remainder when 201837 is divided by 15478.
623
What is the remainder when 19913297 is divided by 2038?
2037
What is the remainder when 1760798 is divided by 301?
249
What is the remainder when 228317 is divided by 222?
101
Calculate the remainder when 59066 is divided by 531.
125
What is the remainder when 474936 is divided by 5928?
696
Calculate the remainder when 2183564 is divided by 2018.
88
Calculate the remainder when 179797 is divided by 94.
69
What is the remainder when 158286 is divided by 39?
24
Calculate the remainder when 147191552 is divided by 797.
795
What is the remainder when 21249192 is divided by 80?
72
What is the remainder when 1067492 is divided by 8543?
8160
Calculate the remainder when 179955 is divided by 11426.
8565
Calculate the remainder when 223452192 is divided by 14.
12
Calculate the remainder when 12420868 is divided by 309.
304
Calculate the remainder when 23940227 is divided by 310.
167
What is the remainder when 71434 is divided by 8840?
714
What is the remainder when 7803281 is divided by 2066?
2065
What is the remainder when 108481 is divided by 6502?
4449
What is the remainder when 2626919 is divided by 3076?
15
Calculate the remainder when 391997 is divided by 97986.
53
Calculate the remainder when 200714 is divided by 14332.
66
What is the remainder when 135901 is divided by 4980?
1441
Calculate the remainder when 9975705 is divided by 1569.
3
What is the remainder when 183089 is divided by 259?
235
Calculate the remainder when 27176405 is divided by 317.
312
Calculate the remainder when 58763 is divided by 8970.
4943
Calculate the remainder when 6350698 is divided by 3175294.
110
What is the remainder when 66000491 is divided by 61?
16
Calculate the remainder when 13584646 is divided by 54122.
24
What is the remainder when 10049384 is divided by 3349788?
20
What is the remainder when 162789957 is divided by 5368?
5357
Calculate the remainder when 481776 is divided by 9635.
26
What is the remainder when 24040684 is divided by 48?
28
Calculate the remainder when 24885704 is divided by 2869.
2867
Calculate the remainder when 2419606 is divided by 2054.
2048
Calculate the remainder when 49297960 is divided by 6720.
40
Calculate the remainder when 66510617 is divided by 55.
52
Calculate the remainder when 1988320 is divided by 220900.
220
What is the remainder when 307279 is divided by 76815?
19
Calculate the remainder when 12905855 is divided by 272.
271
What is the remainder when 179731 is divided by 2460?
151
What is the remainder when 3564 is divided by 50?
14
What is the remainder when 6241911 is divided by 2479?
2268
Calculate the remainder when 466711 is divided by 419.
364
What is the remainder when 468543971 is divided by 13?
12
Calculate the remainder when 1222958 is divided by 399.
23
Calculate the remainder when 2264207 is divided by 2264104.
103
Calculate the remainder when 12310890 is divided by 229.
79
Calculate the remainder when 193516 is divided by 728.
596
What is the remainder when 9323030 is divided by 639?
20
What is the remainder when 196591 is divided by 982?
191
Calculate the remainder when 398782 is divided by 398647.
135
Calculate the remainder when 110824 is divided by 1086.
52
Calculate the remainder when 3098922 is divided by 5217.
24
Calculate the remainder when 923845 is divided by 184722.
235
What is the remainder when 529917474 is divided by 5?
4
What is the remainder when 4875829 is divided by 975127?
194
Calculate the remainder when 608479735 is divided by 90.
85
Calculate the remainder when 3910156 is divided by 953.
950
What is the remainder when 1011385 is divided by 337047?
244
What is the remainder when 781475316 is divided by 1601?
1600
What is the remainder when 1973114 is divided by 779?
686
What is the remainder when 6535688 is divided by 18?
14
What is the remainder when 7211268 is divided by 5004?
504
What is the r